{"id":11,"date":"2014-08-08T11:38:08","date_gmt":"2014-08-08T09:38:08","guid":{"rendered":"http:\/\/www.pendolari-co-lc.it\/?page_id=11"},"modified":"2015-06-14T17:57:37","modified_gmt":"2015-06-14T15:57:37","slug":"chi-siamo","status":"publish","type":"page","link":"https:\/\/www.pendolari-co-lc.it\/index.php\/chi-siamo\/","title":{"rendered":"Chi siamo"},"content":{"rendered":"<p><strong><span style=\"font-family: 'Times New Roman', serif;\"><span style=\"font-size: medium;\">Come nasce il comitato<\/span><\/span><\/strong><\/p>\n<ul>\n<li>Il Comitato nasce circa a fine 2008 in occasione del cambio orario di dicembre<\/li>\n<li>Petizione: 120 firme con cui si chiedeva di riportare l\u2019arrivo del treno a Como\u00a0 in orari pi\u00f9 consoni a studenti e lavoratori<\/li>\n<li>Prima del cambio orario arrivo a Como 7.40<\/li>\n<li>Dopo cambio orario arrivo 7.19<\/li>\n<\/ul>\n<p><strong><span style=\"font-family: 'Times New Roman', serif;\"><span style=\"font-size: medium;\">Novit\u00e0 introdotte dal 14 dicembre 2008<\/span><\/span><\/strong><\/p>\n<ul>\n<li>Arrivo a Como ore 7.19 anzich\u00e9 7.40<\/li>\n<li>Arrivo del treno successivo invariato (ore 9.00)<\/li>\n<li>Chiusura tratta durante le \u201cvacanze natalizie\u201d sia per studenti che per lavoratori<\/li>\n<li>Sono state tolte alcune carrozze del treno in direzione Lecco, causando gravi problemi all\u2019utenza che ha dovuto trovare alternative<\/li>\n<\/ul>\n<p><strong><span style=\"font-family: 'Times New Roman', serif;\"><span style=\"font-size: medium;\">Richieste del Comitato<\/span><\/span><\/strong><\/p>\n<ul>\n<li>Le prime richieste dei pendolari sono state accolte il 9.2010 con l\u2019aggiunta di una corsa in pi\u00f9 con arrivo a Como alle 8<\/li>\n<li>Richiesta di ripristinare carrozze tolte verso Lecco \u00e8 stata parzialmente accolta con composizioni a singhiozzo (alcuni giorni numero carrozze sufficienti, altri no)<\/li>\n<\/ul>\n<p><strong><span style=\"font-family: 'Times New Roman', serif;\"><span style=\"font-size: medium;\">Risultati ottenuti dal Comitato<\/span><\/span><\/strong><\/p>\n<ul>\n<li>Il 1.2011 (dopo due anni!!!) la situazione carrozze \u00e8 tornata alla normalit\u00e0 (nel frattempo qualche pendolare si \u00e8 perso \u2026 per strada)<\/li>\n<li>Paradossalmente, dopo avere perso la possibilit\u00e0 di acquistare abbonamento a Merone perch\u00e9 stazione di propriet\u00e0 di FNM e non di Rfi, ha riottenuto dopo varie richieste, l\u2019ha riottenuta!<\/li>\n<\/ul>\n<p><strong><span style=\"font-family: 'Times New Roman', serif;\"><span style=\"font-size: medium;\">Novit\u00e0 introdotte dal settembre 2012<\/span><\/span><\/strong><\/p>\n<p>Treni aggiunti in pi\u00f9 alla sera:<\/p>\n<ul>\n<li>Partenza da Molteno alle 18.37 (arrivo a Como alle 19.19;<\/li>\n<li>Partenza da Como alle 19.41 e arrivo a Lecco alle ore 20.43<\/li>\n<\/ul>\n<p>Dopo varie richieste, il Comitato Pendolari \u00e8 stato convocato il giorno 8.10.2014 in Regione Lombardia: in quella occasione ci \u00e8 stata comunicata l\u2019introduzione di due nuove corse onde venire incontro alle esigenze dei pendolari:<\/p>\n<p><strong><span style=\"font-family: 'Times New Roman', serif;\"><span style=\"font-size: medium;\">Novit\u00e0 introdotte dal dicembre 2014<\/span><\/span><\/strong><\/p>\n<ul>\n<li>Treno delle 14.41 da Como a Molteno;<\/li>\n<li>Treno delle 16.36 da Molteno a Como;<\/li>\n<li>Allungamento percorso bus sostitutivo delle 7.21 da Merone a Oggiono (prima arrivava solo fino a Molteno).<\/li>\n<li>Il 10.10.2014 il Comitato col Circolo Ambiente Ilaria Alpi di Merone, ha organizzato una riunione a Merone per illustrare la situazione della ferrovia Como-Lecco: la riunione \u00e8 stata molto partecipata, c\u2019erano pendolari, Sindaci e funzionari di Rfi e Trenord;<\/li>\n<li>Dopo il 10 ottobre, \u00e8 stata inviata a tutti i sindaci della tratta Como-Lecco e paesi limitrofi, una bozza di delibera da adottare in ciascun comune avente ad oggetto il rilancio della Ferrovia Como-Lecco. L\u2019Odg consiste nell\u2019approvazione di 7 punti precisi per il rilancio della ferrovia.<\/li>\n<\/ul>\n<p><b>29.04.2015<\/b>: Regione Lombardia ha convocato il Comitato Pendolari, accompagnato dal Consigliere della Provincia di Como Mirko Baruffini, per fare il punto sulla situazione sistemazione binari ammolarati.<\/p>\n<p>Come da comunicazione ufficiale di Rfi i lavori sui binari infatti non erano programmati per l&#8217;anno 2015 in quanto privi di finanziamento per cui il Comitato Pendolari, temendo la chiusura della linea (come gi\u00e0 successo per altre linee ferroviarie), ha insistito per essere ricevuto in Regione per ridiscutere la questione. Nel frattempo anche i Consiglieri Regionali Gaffuri e Straniero hanno presentato interrogazione avente ad oggetto tali lavori.<\/p>\n<p>Rfi ha altre priorit\u00e0 su linee pi\u00f9 frequentate, ma ha garantito finalmente di avere ottenuto finanziamenti per un minimo di manutenzione che garantisca alla linea di continuare a &#8220;stare in vita&#8221;.<\/p>\n<p>I lavori saranno effettuati durante l&#8217;intero mese di agosto e, una volta terminati, dovrebbero poter migliorare l&#8217;indice di affidabilit\u00e0 e permettere di ridurre <b>i ritardi costanti oramai dall&#8217;ottobre 2013.<\/b><\/p>\n<p><b>10.06.2015<\/b>:\u00a0ad oggi hanno approvato la delibera la Provincia di Como insieme a n. 18 comuni: Merone, Brenna, Rogeno, Molteno, Galbiate, Annone Brianza, Monguzzo, Lambrugo, Orsenigo, Erba, Como, Alzate Brianza, Cant\u00f9, Anzano del Parco, Malgrate, Lecco, Oggiono e Civate.<\/p>\n<p><span style=\"font-family: Calibri, serif;\"><b>17.06.2015:\u00a0<\/b><\/span>tutti i 18 comuni e le province che hanno approvato Odg e anche quelli a cui \u00e8 stato inviato, sono stati convocati in Regione Lombardia per un incontro fissato per questa data, avente ad oggetto: \u201cRilanciare la ferrovia Como-Lecco\u201d.<\/p>\n<p>Il seme \u00e8 stato piantato: ora aspettiamo i frutti.<\/p>\n<p>Occorre mettere in pratica ci\u00f2 a cui hanno aderito i 18 Comuni citati sopra e le due Province presenziando ai Tavoli Regionali e chiedendo quanto indicato nei 7 punti dell\u2019Odg.<\/p>\n<p><strong>Ci siamo attivati, per fare conoscere la linea, attraverso comunicazioni dirette a:<\/strong><\/p>\n<ul>\n<li><span style=\"font-family: Calibri, serif;\">tutte le scuole della Provincia di Como e di Lecco;<\/span><\/li>\n<li><span style=\"font-family: Calibri, serif;\">tutti i comuni della linea e limitrofi potenzialmente interessati;<\/span><\/li>\n<li><span style=\"font-family: Calibri, serif;\">le due Province, anche attraverso gli uffici provinciali del turismo;<\/span><\/li>\n<li><span style=\"font-family: Calibri, serif;\">con comunicati stampa e volantinaggio.<\/span><\/li>\n<\/ul>\n<p><strong>Ora le note dolenti ancora da risolvere:<\/strong><\/p>\n<ul>\n<li><span style=\"font-family: Calibri, serif;\"><b>Bus MI 231<\/b><\/span><span style=\"font-family: Calibri, serif;\">: ancora oggi, questo bus <\/span>sostitutivo &#8211; partenza da Merone 7.21, arrivo a Oggiono 7.50 \u2013 introdotto a Dicembre 2014, come strutturato non \u00e8 appetibile per l\u2019utenza in quanto non ben segnalato (mancanza paline di fermata, fermate poste lontano dalle stazioni, qualche volta le corse saltano). Il Comitato Pendolari ha chiesto con forza, in attesa chiss\u00e0 mai di ri-ottenere il treno che circolava fino a gennaio 2009, di mettere in pratica tutte quelle condizioni necessarie affinch\u00e9 gli utenti, specialmente gli studenti che frequentano il Bachelet di Oggiono, possano finalmente all\u2019inizio del prossimo anno scolastico 2015-2016 essere certi di arrivare alla stazione di Merone e alle altre fermate intermedie e trovare \u2026. tutti i giorni il bus che li porti a scuola. Confidiamo pertanto in un intervento vigoroso di Regione Lombardia nei confronti di Trenord perch\u00e9 come ci chiede di \u201cbuttare\u201d gente sui treni, noi pretendiamo per poterlo fare, di avere un servizio efficiente, sicuro e soprattutto certo \u2026. 365 giorni su 365 \u2026 pur sapendo che per ora sono esclusi festivi, agosto e periodi natalizi!<\/li>\n<li>Da met\u00e0 aprile 2015 <b>il treno 5201<\/b> (normalmente composto da 3 carrozze) viaggia a singhiozzo con <b>una composizione a due carrozze<\/b> (68 posti cad) per mancanza di materiale rotabile. Su quel treno viaggia una media di 280-300 persone. Questo problema della composizione ridotta di questo treno particolare si ri-presenta periodicamente (v. nota sett. 2010) e questo non pu\u00f2 succedere perch\u00e9 il rischio \u00e8 che la gente abbandoni l\u2019uso del treno e passi all\u2019auto. Stranamente il giorno 09.06.2015, primo giorno di \u201cvacanza\u201d per gli studenti, il treno 5201 \u00e8 tornato ad avere 2 carrozze.<\/li>\n<\/ul>\n<p><strong>Il Comitato e il Circolo Ambiente Ilaria Alpi si impegnano per portare persone\u00a0sul treno ed \u00e8 questo che Regione Lombardia ci chiede da tempo: Trenord con queste ultime due criticit\u00e0 conosciute e da risolvere, fa esattamente il contrario!<\/strong><\/p>\n","protected":false},"excerpt":{"rendered":"<p>Come nasce il comitato Il Comitato nasce circa a fine 2008 in occasione del cambio orario di dicembre Petizione: 120 firme con cui si chiedeva di riportare l\u2019arrivo del treno [&hellip;]<\/p>\n","protected":false},"author":1,"featured_media":0,"parent":0,"menu_order":0,"comment_status":"open","ping_status":"open","template":"","meta":[],"_links":{"self":[{"href":"https:\/\/www.pendolari-co-lc.it\/index.php\/wp-json\/wp\/v2\/pages\/11"}],"collection":[{"href":"https:\/\/www.pendolari-co-lc.it\/index.php\/wp-json\/wp\/v2\/pages"}],"about":[{"href":"https:\/\/www.pendolari-co-lc.it\/index.php\/wp-json\/wp\/v2\/types\/page"}],"author":[{"embeddable":true,"href":"https:\/\/www.pendolari-co-lc.it\/index.php\/wp-json\/wp\/v2\/users\/1"}],"replies":[{"embeddable":true,"href":"https:\/\/www.pendolari-co-lc.it\/index.php\/wp-json\/wp\/v2\/comments?post=11"}],"version-history":[{"count":7,"href":"https:\/\/www.pendolari-co-lc.it\/index.php\/wp-json\/wp\/v2\/pages\/11\/revisions"}],"predecessor-version":[{"id":434,"href":"https:\/\/www.pendolari-co-lc.it\/index.php\/wp-json\/wp\/v2\/pages\/11\/revisions\/434"}],"wp:attachment":[{"href":"https:\/\/www.pendolari-co-lc.it\/index.php\/wp-json\/wp\/v2\/media?parent=11"}],"curies":[{"name":"wp","href":"https:\/\/api.w.org\/{rel}","templated":true}]}}

<p><strong><span style="font-family: 'Times New Roman', serif;"><span style="font-size: medium;">Come nasce il comitato</span></span></strong></p>
<ul>
<li>Il Comitato nasce circa a fine 2008 in occasione del cambio orario di dicembre</li>
<li>Petizione: 120 firme con cui si chiedeva di riportare l’arrivo del treno a Como  in orari più consoni a studenti e lavoratori</li>
<li>Prima del cambio orario arrivo a Como 7.40</li>
<li>Dopo cambio orario arrivo 7.19</li>
</ul>
<p><strong><span style="font-family: 'Times New Roman', serif;"><span style="font-size: medium;">Novità introdotte dal 14 dicembre 2008</span></span></strong></p>
<ul>
<li>Arrivo a Como ore 7.19 anziché 7.40</li>
<li>Arrivo del treno successivo invariato (ore 9.00)</li>
<li>Chiusura tratta durante le “vacanze natalizie” sia per studenti che per lavoratori</li>
<li>Sono state tolte alcune carrozze del treno in direzione Lecco, causando gravi problemi all’utenza che ha dovuto trovare alternative</li>
</ul>
<p><strong><span style="font-family: 'Times New Roman', serif;"><span style="font-size: medium;">Richieste del Comitato</span></span></strong></p>
<ul>
<li>Le prime richieste dei pendolari sono state accolte il 9.2010 con l’aggiunta di una corsa in più con arrivo a Como alle 8</li>
<li>Richiesta di ripristinare carrozze tolte verso Lecco è stata parzialmente accolta con composizioni a singhiozzo (alcuni giorni numero carrozze sufficienti, altri no)</li>
</ul>
<p><strong><span style="font-family: 'Times New Roman', serif;"><span style="font-size: medium;">Risultati ottenuti dal Comitato</span></span></strong></p>
<ul>
<li>Il 1.2011 (dopo due anni!!!) la situazione carrozze è tornata alla normalità (nel frattempo qualche pendolare si è perso … per strada)</li>
<li>Paradossalmente, dopo avere perso la possibilità di acquistare abbonamento a Merone perché stazione di proprietà di FNM e non di Rfi, ha riottenuto dopo varie richieste, l’ha riottenuta!</li>
</ul>
<p><strong><span style="font-family: 'Times New Roman', serif;"><span style="font-size: medium;">Novità introdotte dal settembre 2012</span></span></strong></p>
<p>Treni aggiunti in più alla sera:</p>
<ul>
<li>Partenza da Molteno alle 18.37 (arrivo a Como alle 19.19;</li>
<li>Partenza da Como alle 19.41 e arrivo a Lecco alle ore 20.43</li>
</ul>
<p>Dopo varie richieste, il Comitato Pendolari è stato convocato il giorno 8.10.2014 in Regione Lombardia: in quella occasione ci è stata comunicata l’introduzione di due nuove corse onde venire incontro alle esigenze dei pendolari:</p>
<p><strong><span style="font-family: 'Times New Roman', serif;"><span style="font-size: medium;">Novità introdotte dal dicembre 2014</span></span></strong></p>
<ul>
<li>Treno delle 14.41 da Como a Molteno;</li>
<li>Treno delle 16.36 da Molteno a Como;</li>
<li>Allungamento percorso bus sostitutivo delle 7.21 da Merone a Oggiono (prima arrivava solo fino a Molteno).</li>
<li>Il 10.10.2014 il Comitato col Circolo Ambiente Ilaria Alpi di Merone, ha organizzato una riunione a Merone per illustrare la situazione della ferrovia Como-Lecco: la riunione è stata molto partecipata, c’erano pendolari, Sindaci e funzionari di Rfi e Trenord;</li>
<li>Dopo il 10 ottobre, è stata inviata a tutti i sindaci della tratta Como-Lecco e paesi limitrofi, una bozza di delibera da adottare in ciascun comune avente ad oggetto il rilancio della Ferrovia Como-Lecco. L’Odg consiste nell’approvazione di 7 punti precisi per il rilancio della ferrovia.</li>
</ul>
<p><b>29.04.2015</b>: Regione Lombardia ha convocato il Comitato Pendolari, accompagnato dal Consigliere della Provincia di Como Mirko Baruffini, per fare il punto sulla situazione sistemazione binari ammolarati.</p>
<p>Come da comunicazione ufficiale di Rfi i lavori sui binari infatti non erano programmati per l&#8217;anno 2015 in quanto privi di finanziamento per cui il Comitato Pendolari, temendo la chiusura della linea (come già successo per altre linee ferroviarie), ha insistito per essere ricevuto in Regione per ridiscutere la questione. Nel frattempo anche i Consiglieri Regionali Gaffuri e Straniero hanno presentato interrogazione avente ad oggetto tali lavori.</p>
<p>Rfi ha altre priorità su linee più frequentate, ma ha garantito finalmente di avere ottenuto finanziamenti per un minimo di manutenzione che garantisca alla linea di continuare a &#8220;stare in vita&#8221;.</p>
<p>I lavori saranno effettuati durante l&#8217;intero mese di agosto e, una volta terminati, dovrebbero poter migliorare l&#8217;indice di affidabilità e permettere di ridurre <b>i ritardi costanti oramai dall&#8217;ottobre 2013.</b></p>
<p><b>10.06.2015</b>: ad oggi hanno approvato la delibera la Provincia di Como insieme a n. 18 comuni: Merone, Brenna, Rogeno, Molteno, Galbiate, Annone Brianza, Monguzzo, Lambrugo, Orsenigo, Erba, Como, Alzate Brianza, Cantù, Anzano del Parco, Malgrate, Lecco, Oggiono e Civate.</p>
<p><span style="font-family: Calibri, serif;"><b>17.06.2015: </b></span>tutti i 18 comuni e le province che hanno approvato Odg e anche quelli a cui è stato inviato, sono stati convocati in Regione Lombardia per un incontro fissato per questa data, avente ad oggetto: “Rilanciare la ferrovia Como-Lecco”.</p>
<p>Il seme è stato piantato: ora aspettiamo i frutti.</p>
<p>Occorre mettere in pratica ciò a cui hanno aderito i 18 Comuni citati sopra e le due Province presenziando ai Tavoli Regionali e chiedendo quanto indicato nei 7 punti dell’Odg.</p>
<p><strong>Ci siamo attivati, per fare conoscere la linea, attraverso comunicazioni dirette a:</strong></p>
<ul>
<li><span style="font-family: Calibri, serif;">tutte le scuole della Provincia di Como e di Lecco;</span></li>
<li><span style="font-family: Calibri, serif;">tutti i comuni della linea e limitrofi potenzialmente interessati;</span></li>
<li><span style="font-family: Calibri, serif;">le due Province, anche attraverso gli uffici provinciali del turismo;</span></li>
<li><span style="font-family: Calibri, serif;">con comunicati stampa e volantinaggio.</span></li>
</ul>
<p><strong>Ora le note dolenti ancora da risolvere:</strong></p>
<ul>
<li><span style="font-family: Calibri, serif;"><b>Bus MI 231</b></span><span style="font-family: Calibri, serif;">: ancora oggi, questo bus </span>sostitutivo &#8211; partenza da Merone 7.21, arrivo a Oggiono 7.50 – introdotto a Dicembre 2014, come strutturato non è appetibile per l’utenza in quanto non ben segnalato (mancanza paline di fermata, fermate poste lontano dalle stazioni, qualche volta le corse saltano). Il Comitato Pendolari ha chiesto con forza, in attesa chissà mai di ri-ottenere il treno che circolava fino a gennaio 2009, di mettere in pratica tutte quelle condizioni necessarie affinché gli utenti, specialmente gli studenti che frequentano il Bachelet di Oggiono, possano finalmente all’inizio del prossimo anno scolastico 2015-2016 essere certi di arrivare alla stazione di Merone e alle altre fermate intermedie e trovare …. tutti i giorni il bus che li porti a scuola. Confidiamo pertanto in un intervento vigoroso di Regione Lombardia nei confronti di Trenord perché come ci chiede di “buttare” gente sui treni, noi pretendiamo per poterlo fare, di avere un servizio efficiente, sicuro e soprattutto certo …. 365 giorni su 365 … pur sapendo che per ora sono esclusi festivi, agosto e periodi natalizi!</li>
<li>Da metà aprile 2015 <b>il treno 5201</b> (normalmente composto da 3 carrozze) viaggia a singhiozzo con <b>una composizione a due carrozze</b> (68 posti cad) per mancanza di materiale rotabile. Su quel treno viaggia una media di 280-300 persone. Questo problema della composizione ridotta di questo treno particolare si ri-presenta periodicamente (v. nota sett. 2010) e questo non può succedere perché il rischio è che la gente abbandoni l’uso del treno e passi all’auto. Stranamente il giorno 09.06.2015, primo giorno di “vacanza” per gli studenti, il treno 5201 è tornato ad avere 2 carrozze.</li>
</ul>
<p><strong>Il Comitato e il Circolo Ambiente Ilaria Alpi si impegnano per portare persone sul treno ed è questo che Regione Lombardia ci chiede da tempo: Trenord con queste ultime due criticità conosciute e da risolvere, fa esattamente il contrario!</strong></p>
